{"id":2,"date":"2014-07-09T12:32:29","date_gmt":"2014-07-09T12:32:29","guid":{"rendered":"http:\/\/andressiim.eu\/?page_id=2"},"modified":"2014-08-07T19:02:42","modified_gmt":"2014-08-07T19:02:42","slug":"ettevottest","status":"publish","type":"page","link":"https:\/\/andressiim.eu\/","title":{"rendered":"Ettev\u00f5ttest"},"content":{"rendered":"<p>Andres Siim O\u00dc on tegev alates 2004. aastast, kuid kivit\u00f6\u00f6 alane praktika<br \/>\nsai alguse juba 80ndate keskel. Firma tegevusalaks on erinevad kivit\u00f6\u00f6d,<br \/>\np\u00f5hiliselt hauapiirete valmistamine (paekivi, plaat) tellija valitud kalmistul.<br \/>\nTeostame ka aiakujundusega seotud t\u00f6id &#8211; paekivi, plaatide paigaldamine<br \/>\npinnasekatteks \u00f5uealale, teeradade rajamine ja sellega kaasnevad haljastust\u00f6\u00f6d.<\/p>\n<p>Andres Siim O\u00dc on n\u00fc\u00fcdseks juba aastaid tegelenud ka mee<br \/>\ntootmise ja m\u00fc\u00fcgiga. Kasutuses on parimad vahendid, et tuua<br \/>\ntarbijani kvaliteetne ning puhas Eestimaa loodusest korjatud<br \/>\nLepap\u00fcksi mesi.<\/p>\n","protected":false},"excerpt":{"rendered":"<p>Andres Siim O\u00dc on tegev alates 2004. aastast, kuid kivit\u00f6\u00f6 alane praktika sai alguse juba 80ndate keskel. Firma tegevusalaks on erinevad kivit\u00f6\u00f6d, p\u00f5hiliselt hauapiirete valmistamine (paekivi, plaat) tellija valitud kalmistul. Teostame ka aiakujundusega seotud t\u00f6id &#8211; paekivi, plaatide paigaldamine pinnasekatteks \u00f5uealale, teeradade rajamine ja sellega kaasnevad haljastust\u00f6\u00f6d. Andres Siim O\u00dc on n\u00fc\u00fcdseks juba aastaid tegelenud [&#8230;]<\/p>\n","protected":false},"author":1,"featured_media":61,"parent":0,"menu_order":0,"comment_status":"open","ping_status":"closed","template":"","meta":{"footnotes":""},"_links":{"self":[{"href":"https:\/\/andressiim.eu\/index.php?rest_route=\/wp\/v2\/pages\/2"}],"collection":[{"href":"https:\/\/andressiim.eu\/index.php?rest_route=\/wp\/v2\/pages"}],"about":[{"href":"https:\/\/andressiim.eu\/index.php?rest_route=\/wp\/v2\/types\/page"}],"author":[{"embeddable":true,"href":"https:\/\/andressiim.eu\/index.php?rest_route=\/wp\/v2\/users\/1"}],"replies":[{"embeddable":true,"href":"https:\/\/andressiim.eu\/index.php?rest_route=%2Fwp%2Fv2%2Fcomments&post=2"}],"version-history":[{"count":4,"href":"https:\/\/andressiim.eu\/index.php?rest_route=\/wp\/v2\/pages\/2\/revisions"}],"predecessor-version":[{"id":55,"href":"https:\/\/andressiim.eu\/index.php?rest_route=\/wp\/v2\/pages\/2\/revisions\/55"}],"wp:featuredmedia":[{"embeddable":true,"href":"https:\/\/andressiim.eu\/index.php?rest_route=\/wp\/v2\/media\/61"}],"wp:attachment":[{"href":"https:\/\/andressiim.eu\/index.php?rest_route=%2Fwp%2Fv2%2Fmedia&parent=2"}],"curies":[{"name":"wp","href":"https:\/\/api.w.org\/{rel}","templated":true}]}}